NOAA-Style Climate Reports

Select a Year or Month report
2018: Jan Feb Mar Apr May Jun Jul Aug Sep Oct Nov Dec
2017: Jan Feb Mar Apr May Jun Jul Aug Sep Oct Nov Dec
2016: Jan Feb Mar Apr May Jun Jul Aug Sep Oct Nov Dec
2015: Jan Feb Mar Apr May Jun Jul Aug Sep Oct Nov Dec
2014: Jan Feb Mar Apr May Jun Jul Aug Sep Oct Nov Dec
2013: Jan Feb Mar Apr May Jun Jul Aug Sep Oct Nov Dec

Report for 2017
                   Annual Climatological Summary for 2017

Name: bhmsweather   City: Broomfield   State: Colorado
Elevation: 5420 ft  Lat: N 39° 59' 02"   Lon: W 105° 59' 04"

                  Temperature (°F), Heat Base: 65.0  Cool Base: 65.0
                          Dep.  Heat  Cool                       Max  Max  Min  Min
        Mean  Mean        From  Deg   Deg                        >=   <=   <=   <=
 YR MO  Max   Min   Mean  Norm  Days  Days  Hi  Date  Low  Date 80.0 32.0 32.0   0.0
------------------------------------------------------------------------------------
 17  1  43.5  19.9  31.2   0.0  1048     0  64.9  31  -8.9    6    0    7   28    1
 17  2  54.0  28.3  41.4   0.0   661     1  78.2  10  14.0   25    0    3   16    0
 17  3  64.3  34.7  49.1   0.0   492     0  82.0  19  23.0    2    2    0   11    0
 17  4  64.1  35.9  49.6   0.0   463     0  79.5  13  24.2    5    0    0    9    0
 17  5  69.5  43.3  55.8   0.0   293     8  86.8   6  31.5   20    4    0    1    0
 17  6  83.1  55.3  68.9   0.0    75   189  97.4  20  47.5   24   21    0    0    0
 17  7  89.0  60.8  73.6   0.0    21   287  98.9  19  53.1    1   28    0    0    0
 17  8  83.3  56.3  68.7   0.0    73   186  94.1  19  52.5   17   23    0    0    0
 17  9  75.5  50.6  62.5   0.0   199   124  95.8   3  42.5   25   14    0    0    0
 17 10  63.5  36.1  49.1   0.0   509    21  81.5  25  21.7   27    1    0    8    0
 17 11  60.3  33.6  46.1   0.0   572     7  75.8  16  23.3   19    0    0   13    0
 17 12  48.0  20.7  33.7   0.0   962     0  64.9   1   4.9   27    0    4   29    0
------------------------------------------------------------------------------------
        66.5  39.6  52.5   0.0  5373   828  98.9 Jul  -8.9  Jan   93   14  115    1

                                Precipitation (in)

              Dep.   Max        Days of Rain
              From   Obs.           >=
 YR MO Total  Norm   Day Date 0.01 0.10 1.00
---------------------------------------------
 17  1  0.80   0.0  0.35   5     6    3    0
 17  2  0.12   0.0  0.12  23     1    1    0
 17  3  0.85   0.0  0.22  31     9    3    0
 17  4  1.85   0.0  0.67   4    11    6    0
 17  5  4.26   0.0  1.79  18    18   10    1
 17  6  0.55   0.0  0.43   2     5    1    0
 17  7  0.49   0.0  0.14  26     8    2    0
 17  8  0.94   0.0  0.47   7    10    2    0
 17  9  1.18   0.0  0.48  23     8    4    0
 17 10  1.64   0.0  0.61   2     8    5    0
 17 11  0.15   0.0  0.09   7     3    0    0
 17 12  0.20   0.0  0.12  23     3    1    0
---------------------------------------------
       13.03   0.0  1.79  May   90   38    1

                                Wind Speed (mph)
                          Dom
 YR MO   Avg.  Hi   Date  Dir
------------------------------
 17  1   1.3  31.0    9    NW
 17  2   1.8  30.0    4    NW
 17  3   2.0  31.0   12   NNW
 17  4   1.6  29.0    9   NNE
 17  5   1.2  20.0    1   NNE
 17  6   0.7  23.0    2   NNE
 17  7   0.6  19.0    3   NNE
 17  8   0.6  18.0    5   NNE
 17  9   0.5  18.0   19   NNE
 17 10   0.9  25.0   14   NNW
 17 11   1.2  26.0    1     W
 17 12   1.2  28.0   29   NNW
------------------------------
         1.1  31.0  Jan   NNW