NOAA-Style Climate Reports

Select a Year or Month report
2018: Jan Feb Mar Apr May Jun Jul Aug Sep Oct Nov Dec
2017: Jan Feb Mar Apr May Jun Jul Aug Sep Oct Nov Dec
2016: Jan Feb Mar Apr May Jun Jul Aug Sep Oct Nov Dec
2015: Jan Feb Mar Apr May Jun Jul Aug Sep Oct Nov Dec
2014: Jan Feb Mar Apr May Jun Jul Aug Sep Oct Nov Dec
2013: Jan Feb Mar Apr May Jun Jul Aug Sep Oct Nov Dec

Report for 2017 January
                   Monthly Climatological Summary for Jan 2017

Name: bhmsweather   City: Broomfield   State: Colorado
Elevation: 5420 ft  Lat: N 39° 59' 02"   Lon: W 105° 59' 04"

                  Temperature (°F), Rain (in), Wind Speed (mph)

                                      Heat  Cool        Avg
    Mean                              Deg   Deg         Wind                 Dom
Day Temp  High   Time   Low    Time   Days  Days  Rain  Speed High   Time    Dir
----------------------------------------------------------------------------------
 1  31.3  47.9   13:03  19.2   07:18  33.7   0.0  0.00   0.7  10.0   15:27    NE
 2  30.0  51.5   11:34  17.2   23:57  35.0   0.0  0.00   1.8  16.0   12:18     E
 3  18.9  29.8   14:53  13.0   23:30  46.1   0.0  0.03   1.3   8.0   00:01   NNE
 4  10.3  13.6   12:45   4.6   23:25  54.7   0.0  0.15   1.8  13.0   15:32   NNE
 5   5.2   7.6   13:17   2.4   23:28  59.8   0.0  0.35   0.4   4.0   01:34    NE
 6   6.9  25.8   13:40  -8.9   06:53  58.1   0.0  0.01   0.5   5.0   15:00   SSW
 7  13.5  26.2   12:38   1.4   06:24  51.5   0.0  0.00   0.8   6.0   11:25     N
 8  35.7  51.4   14:01  14.5   01:16  29.3   0.0  0.00   1.4  14.0   06:27   WNW
 9  49.9  62.2   12:30  32.0   01:43  15.1   0.0  0.00   4.5  31.0   05:26   WSW
10  43.6  53.3   13:03  31.4   03:06  21.4   0.0  0.00   2.9  19.0   16:10   WSW
11  40.5  58.4   12:47  24.2   19:16  24.5   0.0  0.00   2.3  18.0   23:38     W
12  31.6  43.8   11:14  22.2   20:45  33.4   0.0  0.00   1.9  18.0   00:18     N
13  28.3  42.4   12:57  20.6   03:34  36.7   0.0  0.00   0.8   7.0   03:11   NNE
14  29.8  43.0   14:22  20.8   06:08  35.2   0.0  0.00   0.2   4.0   14:31    NE
15  30.7  36.6   14:32  23.6   04:21  34.3   0.0  0.01   0.4   6.0   22:34   NNW
16  32.2  36.6   14:33  28.5   23:55  32.8   0.0  0.25   0.2   6.0   02:45     N
17  28.8  43.3   15:37  16.5   07:41  36.2   0.0  0.00   0.2   4.0   02:29   WNW
18  32.0  52.0   15:30  17.1   05:11  33.0   0.0  0.00   0.2   5.0   11:09   SSW
19  35.3  53.5   14:25  21.9   07:07  29.7   0.0  0.00   0.4   7.0   14:32   NNE
20  37.4  46.6   15:02  28.1   23:50  27.6   0.0  0.00   0.8  10.0   21:21   ENE
21  31.8  42.0   15:23  21.3   07:08  33.2   0.0  0.00   0.7   8.0   12:43     N
22  36.4  48.5   13:06  24.8   06:20  28.6   0.0  0.00   1.1  12.0   07:15    NW
23  38.6  52.3   13:22  28.0   05:17  26.4   0.0  0.00   1.2  12.0   21:17     N
24  25.8  32.0   00:00  20.2   23:54  39.2   0.0  0.00   1.2  13.0   09:49    NE
25  22.2  31.5   13:30  13.7   07:07  42.8   0.0  0.00   0.9   9.0   12:48   ESE
26  21.6  33.1   13:53  14.0   07:22  43.4   0.0  0.00   1.2  10.0   15:30   ENE
27  25.6  44.0   13:55   9.5   05:00  39.4   0.0  0.00   0.8  12.0   14:07   ESE
28  37.7  49.7   14:14  18.5   04:27  27.3   0.0  0.00   1.7  13.0   14:16   WNW
29  48.2  62.3   12:41  37.3   02:53  16.8   0.0  0.00   2.1  15.0   10:45   WNW
30  52.4  63.4   13:34  40.2   05:10  12.6   0.0  0.00   2.8  16.0   21:18     W
31  53.9  64.9   13:24  39.1   23:59  11.1   0.0  0.00   3.4  26.0   17:58     W
----------------------------------------------------------------------------------
    31.2  64.9    31    -8.9     6  1048.9   0.0  0.80   1.3  31.0     9      NW

Max >=  80.0:  0
Max <=  32.0:  7
Min <=  32.0: 28
Min <=   0.0:  1
Max Rain: 0.35 on day 5
Days of Rain: 6 (>= 0.01 in)  3 (>= 0.10 in)  0 (>= 1.00 in)
Heat Base: 65.0  Cool Base: 65.0  Method: Integration