NOAA-Style Climate Reports

Select a Year or Month report
2018: Jan Feb Mar Apr May Jun Jul Aug Sep Oct Nov Dec
2017: Jan Feb Mar Apr May Jun Jul Aug Sep Oct Nov Dec
2016: Jan Feb Mar Apr May Jun Jul Aug Sep Oct Nov Dec
2015: Jan Feb Mar Apr May Jun Jul Aug Sep Oct Nov Dec
2014: Jan Feb Mar Apr May Jun Jul Aug Sep Oct Nov Dec
2013: Jan Feb Mar Apr May Jun Jul Aug Sep Oct Nov Dec

Report for 2017 February
                   Monthly Climatological Summary for Feb 2017

Name: bhmsweather   City: Broomfield   State: Colorado
Elevation: 5420 ft  Lat: N 39° 59' 02"   Lon: W 105° 59' 04"

                  Temperature (°F), Rain (in), Wind Speed (mph)

                                      Heat  Cool        Avg
    Mean                              Deg   Deg         Wind                 Dom
Day Temp  High   Time   Low    Time   Days  Days  Rain  Speed High   Time    Dir
----------------------------------------------------------------------------------
 1  27.0  38.7   00:00  21.6   23:13  38.0   0.0  0.00   1.6  10.0   00:02    NE
 2  22.8  25.0   15:58  20.9   08:39  42.2   0.0  0.00   1.2   9.0   23:27    NE
 3  21.2  28.9   23:59  15.0   05:53  43.8   0.0  0.00   1.2  10.0   00:18   NNE
 4  48.1  59.6   13:48  29.9   00:00  16.9   0.0  0.00   3.9  30.0   03:35     W
 5  44.0  60.3   13:30  28.5   06:26  21.0   0.0  0.00   1.3   9.0   14:05   NNE
 6  50.2  61.9   13:01  35.2   03:20  14.8   0.0  0.00   3.6  24.0   13:39   WNW
 7  50.4  63.5   13:45  34.6   06:45  14.6   0.0  0.00   2.4  19.0   18:58   WNW
 8  50.6  58.7   13:05  40.4   23:24  14.4   0.0  0.00   4.5  28.0   01:31   WNW
 9  56.5  68.0   14:37  40.4   00:55   8.5   0.0  0.00   2.1  19.0   13:24     W
10  66.4  78.2   13:40  50.9   21:54   0.0   1.4  0.00   4.0  24.0   03:51     W
11  47.5  58.6   13:37  35.2   23:59  17.5   0.0  0.00   1.8  14.0   10:17    NE
12  38.0  48.8   15:54  32.4   23:17  27.0   0.0  0.00   1.1   7.0   09:09    SE
13  38.2  48.8   14:53  28.3   05:29  26.8   0.0  0.00   0.6   9.0   12:37    NE
14  35.4  51.3   13:08  21.8   07:03  29.6   0.0  0.00   1.0  12.0   12:47   NNE
15  45.0  65.8   15:54  24.4   04:24  20.0   0.0  0.00   1.2  13.0   16:21    SW
16  52.1  72.1   13:45  28.3   06:46  12.9   0.0  0.00   0.8  16.0   23:47    SW
17  50.7  68.3   14:05  36.4   23:17  14.3   0.0  0.00   1.3  17.0   00:54    SE
18  47.0  65.4   13:54  35.2   03:16  18.0   0.0  0.00   0.8  10.0   13:45     E
19  47.0  64.4   13:14  32.7   05:38  18.0   0.0  0.00   1.0  11.0   17:46   NNE
20  48.3  62.8   13:26  33.3   04:29  16.7   0.0  0.00   2.0  18.0   07:23   WNW
21  58.6  72.0   13:30  38.3   00:05   6.4   0.0  0.00   3.6  30.0   06:12     W
22  45.6  58.0   15:11  32.0   23:59  19.4   0.0  0.00   1.6  11.5   15:00   ENE
23  27.2  32.7   00:51  17.6   22:03  37.8   0.0  0.12   2.2  15.0   16:31   NNE
24  21.5  25.7   14:28  16.5   23:58  43.5   0.0  0.00   0.9   6.0   13:16   NNE
25  26.6  37.7   12:45  14.0   04:52  38.4   0.0  0.00   2.1  23.0   14:55   WNW
26  28.6  43.5   15:35  14.1   06:42  36.4   0.0  0.00   1.1  11.5   12:38     N
27  34.6  52.4   12:55  15.3   06:12  30.4   0.0  0.00   1.2  11.0   16:42   NNE
28  30.8  39.9   13:25  20.6   22:49  34.2   0.0  0.00   1.4  10.0   10:39    SE
----------------------------------------------------------------------------------
    41.4  78.2    10    14.0    25   661.5   1.4  0.12   1.8  30.0     4      NW

Max >=  80.0:  0
Max <=  32.0:  3
Min <=  32.0: 16
Min <=   0.0:  0
Max Rain: 0.12 on day 23
Days of Rain: 1 (>= 0.01 in)  1 (>= 0.10 in)  0 (>= 1.00 in)
Heat Base: 65.0  Cool Base: 65.0  Method: Integration