NOAA-Style Climate Reports

Select a Year or Month report
2018: Jan Feb Mar Apr May Jun Jul Aug Sep Oct Nov Dec
2017: Jan Feb Mar Apr May Jun Jul Aug Sep Oct Nov Dec
2016: Jan Feb Mar Apr May Jun Jul Aug Sep Oct Nov Dec
2015: Jan Feb Mar Apr May Jun Jul Aug Sep Oct Nov Dec
2014: Jan Feb Mar Apr May Jun Jul Aug Sep Oct Nov Dec
2013: Jan Feb Mar Apr May Jun Jul Aug Sep Oct Nov Dec

Report for 2017 March
                   Monthly Climatological Summary for Mar 2017

Name: bhmsweather   City: Broomfield   State: Colorado
Elevation: 5420 ft  Lat: N 39° 59' 02"   Lon: W 105° 59' 04"

                  Temperature (°F), Rain (in), Wind Speed (mph)

                                      Heat  Cool        Avg
    Mean                              Deg   Deg         Wind                 Dom
Day Temp  High   Time   Low    Time   Days  Days  Rain  Speed High   Time    Dir
----------------------------------------------------------------------------------
 1  35.0  48.6   12:56  23.7   04:22  30.0   0.0  0.00   3.2  18.0   14:35     W
 2  39.7  55.3   13:24  23.0   05:57  25.3   0.0  0.00   1.4  15.0   13:39   WNW
 3  47.1  65.6   13:30  31.3   23:59  17.9   0.0  0.00   1.5  17.0   12:54     W
 4  46.3  69.3   15:35  27.2   05:46  18.7   0.0  0.00   0.8   9.0   17:31    SE
 5  51.6  70.4   12:46  34.7   02:05  13.4   0.0  0.00   1.6  13.0   21:11     S
 6  36.7  50.9   00:05  25.5   20:07  28.3   0.0  0.00   4.1  26.0   10:07   WNW
 7  40.0  53.4   14:46  27.9   00:06  25.0   0.0  0.00   4.5  30.0   09:04   WNW
 8  54.2  65.9   16:05  40.2   02:46  10.8   0.0  0.00   3.9  24.0   11:36   WNW
 9  57.4  73.0   12:54  35.8   23:58   7.6   0.0  0.00   3.2  20.0   11:46   WNW
10  42.8  62.3   15:58  26.1   06:21  22.2   0.0  0.00   1.0   6.0   03:59   NNE
11  41.3  48.1   13:11  32.6   23:40  23.7   0.0  0.04   0.7   9.0   05:26     N
12  45.2  62.5   14:11  30.4   05:48  19.8   0.0  0.00   2.3  31.0   16:45   NNW
13  42.8  56.0   14:57  26.3   06:49  22.2   0.0  0.00   1.1  11.0   21:09    NE
14  57.1  73.9   14:39  42.2   23:59   7.9   0.0  0.00   1.8  15.0   11:04    NW
15  57.9  78.1   14:29  35.5   06:04   7.1   0.0  0.00   1.5  18.0   14:03   WNW
16  65.1  76.6   15:51  49.1   02:25   0.0   0.1  0.00   2.9  20.0   12:55     W
17  57.8  72.4   14:50  44.8   04:39   7.2   0.0  0.00   2.0  12.0   01:21   ENE
18  57.8  80.7   14:45  35.5   07:12   7.2   0.0  0.00   0.9   9.0   13:31    SE
19  64.1  82.0   13:55  43.8   06:11   0.9   0.0  0.00   2.6  20.0   14:54    NW
20  63.9  76.4   13:43  51.1   04:29   1.1   0.0  0.00   1.6  17.0   10:37   WNW
21  48.7  60.4   14:08  37.7   07:16  16.3   0.0  0.00   1.0  11.5   15:11     N
22  49.9  66.9   14:21  34.2   07:22  15.1   0.0  0.00   0.9   8.0   15:55     N
23  57.0  77.5   14:23  38.6   07:17   8.0   0.0  0.20   2.7  25.0   20:34     N
24  44.4  57.8   14:35  35.6   23:56  20.6   0.0  0.06   4.5  22.0   02:25   NNE
25  46.9  65.4   14:15  29.0   06:51  18.1   0.0  0.00   1.0   9.0   14:15     E
26  46.4  53.3   12:51  40.5   05:47  18.6   0.0  0.03   1.4  11.0   12:51     N
27  47.4  68.6   09:43  32.0   10:01  17.6   0.0  0.06   0.9  15.0   17:21    NE
28  43.1  46.1   00:00  38.2   23:56  21.9   0.0  0.21   3.5  23.0   21:33   NNE
29  45.7  59.4   17:06  36.8   03:32  19.3   0.0  0.02   1.9  13.0   15:35   NNE
30  49.9  67.6   14:49  33.7   05:41  15.1   0.0  0.01   0.8  12.0   21:30   ENE
31  39.6  47.6   00:00  33.4   23:17  25.4   0.0  0.22   2.3  11.0   09:21   NNE
----------------------------------------------------------------------------------
    49.1  82.0    19    23.0     2   492.3   0.1  0.85   2.0  31.0    12     NNW

Max >=  80.0:  2
Max <=  32.0:  0
Min <=  32.0: 11
Min <=   0.0:  0
Max Rain: 0.22 on day 31
Days of Rain: 9 (>= 0.01 in)  3 (>= 0.10 in)  0 (>= 1.00 in)
Heat Base: 65.0  Cool Base: 65.0  Method: Integration