NOAA-Style Climate Reports

Select a Year or Month report
2018: Jan Feb Mar Apr May Jun Jul Aug Sep Oct Nov Dec
2017: Jan Feb Mar Apr May Jun Jul Aug Sep Oct Nov Dec
2016: Jan Feb Mar Apr May Jun Jul Aug Sep Oct Nov Dec
2015: Jan Feb Mar Apr May Jun Jul Aug Sep Oct Nov Dec
2014: Jan Feb Mar Apr May Jun Jul Aug Sep Oct Nov Dec
2013: Jan Feb Mar Apr May Jun Jul Aug Sep Oct Nov Dec

Report for 2017 April
                   Monthly Climatological Summary for Apr 2017

Name: bhmsweather   City: Broomfield   State: Colorado
Elevation: 5420 ft  Lat: N 39° 59' 02"   Lon: W 105° 59' 04"

                  Temperature (°F), Rain (in), Wind Speed (mph)

                                      Heat  Cool        Avg
    Mean                              Deg   Deg         Wind                 Dom
Day Temp  High   Time   Low    Time   Days  Days  Rain  Speed High   Time    Dir
----------------------------------------------------------------------------------
 1  37.0  42.6   14:17  33.1   00:58  28.0   0.0  0.04   0.5   6.0   02:37    NE
 2  47.2  65.2   14:07  29.8   05:40  17.8   0.0  0.00   1.0  14.0   19:42     E
 3  46.8  61.4   14:57  35.2   05:49  18.2   0.0  0.06   2.9  19.0   18:20   NNW
 4  34.4  40.9   15:29  31.3   06:43  30.6   0.0  0.67   0.8   9.0   00:39     N
 5  39.8  55.0   17:19  24.2   07:13  25.2   0.0  0.34   0.5   8.0   16:21   SSW
 6  50.0  66.0   16:35  31.4   06:38  15.0   0.0  0.00   1.0   9.0   11:02   SSE
 7  58.8  76.0   14:30  41.3   06:22   6.2   0.0  0.00   1.3  15.0   17:50   WSW
 8  61.9  76.7   13:34  45.4   06:37   3.1   0.0  0.00   1.6  20.0   17:55    SW
 9  48.6  57.8   12:23  40.4   04:20  16.4   0.0  0.00   4.2  29.0   14:18   WNW
10  46.2  59.6   16:43  32.9   06:53  18.8   0.0  0.00   2.4  24.0   02:12    SE
11  50.9  69.2   15:40  31.0   06:05  14.1   0.0  0.00   1.2  12.0   18:21    SE
12  56.1  74.7   14:36  36.4   05:19   8.9   0.0  0.00   1.1  11.0   10:34     E
13  59.8  79.5   14:06  40.3   05:26   5.2   0.0  0.00   2.3  15.0   20:58    SE
14  60.5  78.6   14:48  42.3   06:17   4.5   0.0  0.00   1.2  11.0   14:12    NE
15  55.8  68.9   14:57  40.2   06:40   9.2   0.0  0.00   1.6  11.0   11:07    SE
16  56.1  73.2   14:50  38.0   05:50   8.9   0.0  0.00   0.9   9.0   14:50   NNE
17  59.2  77.7   16:52  38.4   06:30   5.8   0.0  0.00   1.2  11.0   00:38   WNW
18  60.3  79.2   15:29  44.8   05:59   4.7   0.0  0.00   1.5  12.0   15:31    NE
19  57.8  71.9   13:38  45.1   04:28   7.2   0.0  0.00   3.0  23.0   12:08    NW
20  49.4  65.8   13:14  37.8   06:24  15.6   0.0  0.11   1.3  18.0   14:27    SE
21  43.2  51.0   11:33  39.0   23:33  21.8   0.0  0.18   2.2  21.0   12:16   NNE
22  45.3  57.5   14:46  37.1   05:50  19.7   0.0  0.04   0.7   7.0   11:53     E
23  54.8  76.1   17:17  36.4   04:19  10.2   0.0  0.00   1.1  10.0   13:02     E
24  56.0  67.7   13:15  45.5   23:16   9.0   0.0  0.00   1.8  15.0   03:43   ENE
25  46.9  59.5   13:04  33.6   23:57  18.1   0.0  0.07   1.9  12.0   14:57    NE
26  45.5  63.1   16:37  28.8   06:11  19.5   0.0  0.00   1.5  17.0   15:29   WNW
27  45.0  55.2   16:47  36.8   23:58  20.0   0.0  0.02   1.3  16.0   18:09     N
28  40.4  57.9   12:36  30.1   23:27  24.6   0.0  0.13   2.5  17.0   22:58   NNE
29  30.8  33.6   14:10  27.7   23:36  34.2   0.0  0.19   2.5  12.0   13:07   NNE
30  42.4  62.6   16:52  24.2   05:09  22.6   0.0  0.00   1.2  22.0   18:09    NW
----------------------------------------------------------------------------------
    49.6  79.5    13    24.2     5   463.1   0.0  1.85   1.6  29.0     9     NNE

Max >=  80.0:  0
Max <=  32.0:  0
Min <=  32.0:  9
Min <=   0.0:  0
Max Rain: 0.67 on day 4
Days of Rain: 11 (>= 0.01 in)  6 (>= 0.10 in)  0 (>= 1.00 in)
Heat Base: 65.0  Cool Base: 65.0  Method: Integration