NOAA-Style Climate Reports

Select a Year or Month report
2018: Jan Feb Mar Apr May Jun Jul Aug Sep Oct Nov Dec
2017: Jan Feb Mar Apr May Jun Jul Aug Sep Oct Nov Dec
2016: Jan Feb Mar Apr May Jun Jul Aug Sep Oct Nov Dec
2015: Jan Feb Mar Apr May Jun Jul Aug Sep Oct Nov Dec
2014: Jan Feb Mar Apr May Jun Jul Aug Sep Oct Nov Dec
2013: Jan Feb Mar Apr May Jun Jul Aug Sep Oct Nov Dec

Report for 2017 May
                   Monthly Climatological Summary for May 2017

Name: bhmsweather   City: Broomfield   State: Colorado
Elevation: 5420 ft  Lat: N 39° 59' 02"   Lon: W 105° 59' 04"

                  Temperature (°F), Rain (in), Wind Speed (mph)

                                      Heat  Cool        Avg
    Mean                              Deg   Deg         Wind                 Dom
Day Temp  High   Time   Low    Time   Days  Days  Rain  Speed High   Time    Dir
----------------------------------------------------------------------------------
 1  53.7  68.5   15:29  38.8   05:19  11.3   0.0  0.00   2.2  20.0   13:20   NNW
 2  50.9  65.3   13:58  41.6   23:52  14.1   0.0  0.10   1.3  14.0   17:35   NNE
 3  44.7  56.7   17:00  37.8   08:29  20.3   0.0  0.30   1.1  14.0   05:16   NNE
 4  54.4  72.2   15:44  33.8   06:17  10.6   0.0  0.00   0.7   8.0   12:50   ENE
 5  61.4  79.8   15:15  42.1   06:08   3.6   0.0  0.00   0.8   9.0   16:04   ENE
 6  66.6  86.8   13:39  47.4   05:23   0.0   1.6  0.00   1.2  18.0   17:45   SSE
 7  64.3  80.4   14:57  52.3   23:26   0.7   0.0  0.03   0.9  17.0   15:41   SSW
 8  56.8  71.8   12:27  48.6   06:10   8.2   0.0  0.34   1.7  14.0   14:43   NNE
 9  56.5  64.1   13:38  49.0   05:46   8.5   0.0  0.02   0.9   9.0   10:26     N
10  51.6  55.7   00:00  47.7   23:31  13.4   0.0  0.30   1.9  12.0   13:22   NNE
11  54.2  65.2   14:32  46.0   05:12  10.8   0.0  0.01   1.0  10.0   13:42    NE
12  69.4  78.4   16:25  59.7   22:06   0.0   4.4  0.02   1.2  10.0   17:02    SE
13  67.6  84.9   14:22  47.3   06:00   0.0   2.6  0.00   1.0  10.0   14:28   ESE
14  62.3  73.8   15:42  47.5   05:12   2.7   0.0  0.00   1.3   9.0   03:01   ESE
15  61.8  79.9   15:00  49.0   05:38   3.2   0.0  0.00   1.0  17.0   17:16   NNE
16  56.9  70.7   13:25  45.4   23:48   8.1   0.0  0.02   1.3  15.0   16:57    NE
17  54.6  73.5   13:32  41.1   23:57  10.4   0.0  0.29   1.7  15.0   13:27     N
18  34.5  41.0   00:00  33.0   20:44  30.5   0.0  1.79   2.0  13.0   17:34     N
19  36.3  40.8   12:16  33.0   04:08  28.7   0.0  0.07   1.6  14.0   12:09   NNE
20  46.9  61.8   14:24  31.5   05:45  18.1   0.0  0.00   0.6  12.0   15:14    NW
21  51.6  69.8   13:55  36.0   05:56  13.4   0.0  0.27   1.2  19.0   16:17   NNE
22  50.3  67.5   13:56  41.0   05:58  14.7   0.0  0.17   1.1  19.0   16:17   NNE
23  51.6  65.0   15:38  37.8   05:48  13.4   0.0  0.00   1.2  14.0   10:36   NNE
24  62.2  83.8   15:58  39.8   05:49   2.8   0.0  0.00   1.0  15.0   14:49    NW
25  63.7  74.8   11:52  51.0   21:55   1.3   0.0  0.00   1.4  16.0   10:56     N
26  55.1  67.5   17:03  44.6   03:57   9.9   0.0  0.33   1.8  19.0   21:18     N
27  50.5  58.8   16:41  43.7   23:58  14.5   0.0  0.15   0.6  11.0   11:19   NNE
28  58.2  72.3   14:49  41.5   01:32   6.8   0.0  0.00   0.8   9.0   09:21   NNE
29  56.9  69.4   12:47  45.1   05:36   8.1   0.0  0.01   0.7   9.0   14:30    NE
30  60.9  76.3   15:08  44.0   05:23   4.1   0.0  0.04   0.6  11.0   21:52    NE
31  64.0  79.5   13:58  46.3   05:41   1.0   0.0  0.00   0.6   8.0   20:48    NE
----------------------------------------------------------------------------------
    55.8  86.8     6    31.5    20   293.2   8.6  4.26   1.2  20.0     1     NNE

Max >=  80.0:  4
Max <=  32.0:  0
Min <=  32.0:  1
Min <=   0.0:  0
Max Rain: 1.79 on day 18
Days of Rain: 18 (>= 0.01 in)  10 (>= 0.10 in)  1 (>= 1.00 in)
Heat Base: 65.0  Cool Base: 65.0  Method: Integration