NOAA-Style Climate Reports

Select a Year or Month report
2018: Jan Feb Mar Apr May Jun Jul Aug Sep Oct Nov Dec
2017: Jan Feb Mar Apr May Jun Jul Aug Sep Oct Nov Dec
2016: Jan Feb Mar Apr May Jun Jul Aug Sep Oct Nov Dec
2015: Jan Feb Mar Apr May Jun Jul Aug Sep Oct Nov Dec
2014: Jan Feb Mar Apr May Jun Jul Aug Sep Oct Nov Dec
2013: Jan Feb Mar Apr May Jun Jul Aug Sep Oct Nov Dec

Report for 2017 June
                   Monthly Climatological Summary for Jun 2017

Name: bhmsweather   City: Broomfield   State: Colorado
Elevation: 5420 ft  Lat: N 39° 59' 02"   Lon: W 105° 59' 04"

                  Temperature (°F), Rain (in), Wind Speed (mph)

                                      Heat  Cool        Avg
    Mean                              Deg   Deg         Wind                 Dom
Day Temp  High   Time   Low    Time   Days  Days  Rain  Speed High   Time    Dir
----------------------------------------------------------------------------------
 1  63.7  80.3   13:38  48.8   05:18   4.6   3.3  0.00   0.5   9.0   16:43   NNE
 2  61.6  76.1   14:56  50.1   05:10   5.2   1.8  0.43   0.6  23.0   15:36     N
 3  64.0  77.0   14:33  48.7   05:21   4.5   3.6  0.00   0.7  10.0   10:11   NNE
 4  68.3  78.3   18:39  60.3   23:57   0.2   0.9  0.00   0.5   8.0   15:22   NNE
 5  65.8  81.7   14:55  53.5   05:49   3.4   4.1  0.00   0.4  10.0   12:53   NNW
 6  65.7  75.3   13:11  56.5   04:12   2.4   3.1  0.00   0.7   7.0   09:55   NNE
 7  67.3  82.4   14:07  54.4   04:42   2.8   5.1  0.01   0.8  12.0   16:43   NNE
 8  66.9  82.5   15:56  52.8   05:42   3.4   5.2  0.00   0.4   6.0   09:22   NNE
 9  73.6  91.3   14:32  52.3   05:54   2.0  10.7  0.00   0.4   9.0   14:32   SSE
10  75.5  91.1   13:33  57.3   05:36   0.9  11.4  0.00   0.9  10.0   15:56    NE
11  67.8  77.0   15:28  58.7   05:52   1.1   3.9  0.00   0.8  12.0   09:27   NNE
12  73.8  89.0   15:46  59.0   05:41   0.8   9.7  0.00   1.0  14.0   17:14    SE
13  66.2  80.2   15:04  50.7   05:40   3.3   4.4  0.00   1.2  15.0   19:17     N
14  71.6  85.1   14:57  57.8   05:00   0.9   7.1  0.00   0.9  11.0   11:31   WSW
15  69.4  85.4   17:23  53.6   05:15   2.5   6.5  0.00   0.3   9.0   18:42     E
16  75.1  91.5   14:43  56.6   06:24   1.1  11.2  0.00   0.9  14.0   11:22   NNW
17  70.2  80.6   12:53  61.5   23:55   0.4   5.5  0.00   1.0  10.0   07:34   NNE
18  69.5  84.1   15:38  55.5   06:41   1.9   6.4  0.00   0.7  10.0   22:13   NNE
19  70.3  83.8   15:25  56.9   06:10   1.8   7.0  0.00   0.6   8.0   13:45    NE
20  77.4  97.4   15:36  57.4   06:06   1.3  13.7  0.00   0.5  10.0   22:39   NNE
21  82.5  96.6   15:39  67.4   07:14   0.0  17.5  0.00   0.6  10.0   14:22     N
22  75.9  91.1   11:13  65.6   23:59   0.0  10.9  0.00   0.9  14.0   14:22   NNE
23  56.2  65.6   00:00  48.4   08:13   8.8   0.0  0.09   0.7  14.0   05:55   NNE
24  61.4  75.1   16:26  47.5   05:11   5.9   2.3  0.00   0.8  10.0   17:16   NNE
25  62.0  71.0   15:55  52.6   05:59   4.1   1.1  0.00   0.8  10.0   10:15   NNE
26  69.6  86.7   16:07  52.9   05:39   3.0   7.6  0.00   0.6   8.0   12:35   NNE
27  74.4  93.3   17:06  55.5   05:54   1.5  10.9  0.00   0.7  18.0   17:14     N
28  72.1  86.1   16:45  58.2   03:45   1.1   8.2  0.00   0.7  13.0   16:53    NE
29  68.9  83.9   13:01  56.2   05:01   1.5   5.4  0.01   0.8  13.0   16:02   NNE
30  61.7  72.6   16:28  52.8   03:09   4.7   1.4  0.01   0.7  10.0   00:13   NNE
----------------------------------------------------------------------------------
    68.9  97.4    20    47.5    24    75.1 189.9  0.55   0.7  23.0     2     NNE

Max >=  80.0: 21
Max <=  32.0:  0
Min <=  32.0:  0
Min <=   0.0:  0
Max Rain: 0.43 on day 2
Days of Rain: 5 (>= 0.01 in)  1 (>= 0.10 in)  0 (>= 1.00 in)
Heat Base: 65.0  Cool Base: 65.0  Method: Integration