NOAA-Style Climate Reports

Select a Year or Month report
2018: Jan Feb Mar Apr May Jun Jul Aug Sep Oct Nov Dec
2017: Jan Feb Mar Apr May Jun Jul Aug Sep Oct Nov Dec
2016: Jan Feb Mar Apr May Jun Jul Aug Sep Oct Nov Dec
2015: Jan Feb Mar Apr May Jun Jul Aug Sep Oct Nov Dec
2014: Jan Feb Mar Apr May Jun Jul Aug Sep Oct Nov Dec
2013: Jan Feb Mar Apr May Jun Jul Aug Sep Oct Nov Dec

Report for 2017 July
                   Monthly Climatological Summary for Jul 2017

Name: bhmsweather   City: Broomfield   State: Colorado
Elevation: 5420 ft  Lat: N 39° 59' 02"   Lon: W 105° 59' 04"

                  Temperature (°F), Rain (in), Wind Speed (mph)

                                      Heat  Cool        Avg
    Mean                              Deg   Deg         Wind                 Dom
Day Temp  High   Time   Low    Time   Days  Days  Rain  Speed High   Time    Dir
----------------------------------------------------------------------------------
 1  70.1  86.9   15:38  53.1   03:30   3.0   8.1  0.00   0.5   8.0   13:23    NE
 2  72.0  89.4   12:12  54.4   05:43   2.0   9.1  0.00   0.5  15.0   15:15   NNE
 3  73.0  90.5   13:51  57.4   06:28   0.9   8.8  0.00   0.7  19.0   15:22   NNE
 4  74.4  90.5   12:45  57.8   06:06   0.8  10.2  0.00   0.6  12.0   13:23   NNE
 5  76.5  96.6   14:41  56.6   06:05   1.7  13.3  0.00   0.3   6.0   14:07    NE
 6  77.4  94.2   14:05  61.5   06:20   0.2  12.6  0.00   0.7  12.0   17:50   NNE
 7  72.1  86.4   13:12  64.2   03:40   0.0   7.1  0.03   0.7  10.0   12:28     N
 8  72.2  89.4   14:17  58.6   05:37   1.0   8.2  0.00   0.5  10.0   15:00   NNE
 9  74.9  94.3   15:34  58.4   06:02   1.2  11.1  0.00   0.4  17.0   16:15   NNE
10  75.9  91.2   14:30  62.8   03:43   0.1  11.1  0.00   0.4   9.0   21:37     N
11  78.2  93.4   14:07  63.9   06:33   0.0  13.2  0.00   0.6  11.0   20:56   NNE
12  69.4  72.2   00:00  63.4   23:59   0.0   4.2  0.04   0.7   8.0   09:58     N
13  71.1  86.1   15:03  55.9   05:38   2.0   8.1  0.00   0.4   6.0   14:52     E
14  72.1  86.9   14:53  61.0   04:34   0.5   7.5  0.02   0.5  10.0   17:08    NE
15  68.3  79.6   13:50  60.8   05:21   0.7   4.0  0.04   0.3   7.0   17:08   ESE
16  71.1  87.0   15:34  56.2   06:35   2.3   8.4  0.00   0.4   9.0   15:38   NNE
17  75.9  93.6   14:09  60.5   05:22   0.5  11.4  0.00   0.5  12.0   15:47     N
18  77.5  91.3   13:10  62.8   06:23   0.1  12.4  0.00   0.6   8.0   13:21   ESE
19  79.0  98.9   14:22  65.2   05:01   0.0  14.0  0.00   0.7  15.0   17:12   NNE
20  75.6  91.0   13:54  62.5   06:11   0.1  10.7  0.00   0.3   6.0   12:19    NE
21  74.4  94.1   15:00  63.6   23:52   0.1   9.5  0.09   1.0  15.0   16:08   NNE
22  73.7  88.7   14:40  60.9   05:09   0.7   9.4  0.00   0.5   9.0   00:51   NNE
23  76.0  90.4   15:28  60.8   06:00   0.4  11.0  0.00   1.0   7.0   18:25   ESE
24  79.0  96.0   15:02  63.8   06:42   0.0  14.0  0.00   0.8  14.0   15:38   NNE
25  73.5  93.5   14:20  64.1   04:47   0.1   8.6  0.12   0.4  10.0   14:16     N
26  69.2  81.1   13:45  63.4   02:53   0.3   4.5  0.14   0.8  12.0   19:38     N
27  72.4  86.4   15:14  58.8   06:11   1.1   8.5  0.01   0.6   8.0   08:32   NNE
28  72.9  89.9   14:16  63.9   06:13   0.1   7.9  0.00   0.6  11.0   16:54    NE
29  70.6  77.9   17:02  66.5   23:58   0.0   5.6  0.00   0.5  14.0   19:28   NNE
30  70.4  82.3   13:10  62.1   06:45   0.3   5.7  0.00   0.5   9.0   16:59   NNE
31  72.9  88.4   14:46  58.9   05:42   1.3   9.2  0.00   0.8  13.0   15:24   NNE
----------------------------------------------------------------------------------
    73.6  98.9    19    53.1     1    21.5 287.4  0.49   0.6  19.0     3     NNE

Max >=  80.0: 28
Max <=  32.0:  0
Min <=  32.0:  0
Min <=   0.0:  0
Max Rain: 0.14 on day 26
Days of Rain: 8 (>= 0.01 in)  2 (>= 0.10 in)  0 (>= 1.00 in)
Heat Base: 65.0  Cool Base: 65.0  Method: Integration