NOAA-Style Climate Reports

Select a Year or Month report
2018: Jan Feb Mar Apr May Jun Jul Aug Sep Oct Nov Dec
2017: Jan Feb Mar Apr May Jun Jul Aug Sep Oct Nov Dec
2016: Jan Feb Mar Apr May Jun Jul Aug Sep Oct Nov Dec
2015: Jan Feb Mar Apr May Jun Jul Aug Sep Oct Nov Dec
2014: Jan Feb Mar Apr May Jun Jul Aug Sep Oct Nov Dec
2013: Jan Feb Mar Apr May Jun Jul Aug Sep Oct Nov Dec

Report for 2017 August
                   Monthly Climatological Summary for Aug 2017

Name: bhmsweather   City: Broomfield   State: Colorado
Elevation: 5420 ft  Lat: N 39° 59' 02"   Lon: W 105° 59' 04"

                  Temperature (°F), Rain (in), Wind Speed (mph)

                                      Heat  Cool        Avg
    Mean                              Deg   Deg         Wind                 Dom
Day Temp  High   Time   Low    Time   Days  Days  Rain  Speed High   Time    Dir
----------------------------------------------------------------------------------
 1  73.2  88.6   14:42  58.6   06:41   0.9   9.1  0.00   0.4   7.0   13:38    NE
 2  70.7  88.9   14:33  56.7   05:40   1.8   7.4  0.00   1.1  14.0   18:58   NNE
 3  60.9  67.0   01:03  57.1   06:51   4.2   0.1  0.02   1.3  11.0   09:35   NNE
 4  68.2  87.9   15:42  53.8   03:25   3.7   6.9  0.02   0.6  13.0   19:56   NNE
 5  68.6  83.1   14:33  58.4   23:53   1.4   5.0  0.05   0.8  18.0   19:40   NNE
 6  63.8  72.7   16:30  55.2   04:39   3.2   2.0  0.00   0.3  10.0   21:00   NNE
 7  58.5  63.9   00:00  56.4   07:27   6.3   0.0  0.47   0.8  10.0   05:54     N
 8  62.5  73.1   13:37  56.2   00:57   3.6   1.1  0.17   0.3   6.0   06:55   NNE
 9  64.0  76.7   14:10  54.8   06:12   3.6   2.7  0.00   0.8  16.0   16:45     N
10  62.1  75.7   14:30  55.1   02:30   4.5   1.6  0.03   3.9  12.0   16:30   NNE
11  65.4  78.5   15:38  54.8   05:30   3.3   3.6  0.00   1.1  10.0   16:31     N
12  67.0  84.7   13:40  57.3   04:32   2.2   4.2  0.06   0.5  11.0   15:16   NNE
13  68.7  87.9   14:02  56.0   06:28   2.1   5.8  0.03   0.3   8.0   14:20    NE
14  70.4  85.9   13:59  55.4   06:36   1.6   7.1  0.00   0.3   9.0   17:38     N
15  67.0  80.2   13:17  56.8   05:26   2.5   4.5  0.07   0.8  13.0   19:00     N
16  64.5  74.9   14:26  56.1   06:49   2.8   2.3  0.02   0.3   9.0   14:42   NNE
17  69.3  85.2   13:00  52.5   04:30   3.4   7.6  0.00   1.0  13.0   14:00     N
18  71.0  86.4   16:20  54.6   06:39   1.9   7.8  0.00   0.4   8.0   00:27   NNE
19  74.7  94.1   14:16  55.5   05:36   1.9  11.5  0.00   0.5  13.0   14:36     N
20  74.1  87.8   14:48  59.2   05:19   0.7   9.8  0.00   0.4   6.0   11:17   NNE
21  72.1  86.3   14:37  58.0   06:23   1.0   8.1  0.00   0.5  10.0   13:45   NNE
22  69.2  82.1   14:02  57.6   06:15   1.6   5.8  0.00   0.5   8.0   13:07     N
23  71.1  87.4   13:53  61.9   01:27   0.8   6.9  0.00   0.6  17.0   19:02     N
24  67.3  83.4   13:51  55.4   06:42   2.7   5.0  0.00   0.6  16.0   16:07   NNW
25  71.5  89.3   14:39  52.8   05:54   2.7   9.2  0.00   0.3  10.0   16:13    NE
26  74.0  92.7   14:29  55.0   06:28   2.0  11.0  0.00   0.6  11.0   13:50   NNE
27  73.0  84.5   14:20  59.9   06:28   0.4   8.5  0.00   0.6   8.0   00:22   NNE
28  72.1  87.6   14:23  58.0   06:55   1.2   8.3  0.00   0.4   5.0   05:21   NNE
29  73.1  92.0   14:46  55.5   06:34   1.8   9.9  0.00   0.5  13.0   15:33   NNE
30  71.9  89.6   13:50  55.9   06:33   1.6   8.5  0.00   0.6  13.0   15:02   ENE
31  68.7  83.9   14:22  56.2   05:56   1.7   5.3  0.00   0.3   9.0   18:13     N
----------------------------------------------------------------------------------
    68.7  94.1    19    52.5    17    73.1 186.6  0.94   0.6  18.0     5     NNE

Max >=  80.0: 23
Max <=  32.0:  0
Min <=  32.0:  0
Min <=   0.0:  0
Max Rain: 0.47 on day 7
Days of Rain: 10 (>= 0.01 in)  2 (>= 0.10 in)  0 (>= 1.00 in)
Heat Base: 65.0  Cool Base: 65.0  Method: Integration