NOAA-Style Climate Reports

Select a Year or Month report
2018: Jan Feb Mar Apr May Jun Jul Aug Sep Oct Nov Dec
2017: Jan Feb Mar Apr May Jun Jul Aug Sep Oct Nov Dec
2016: Jan Feb Mar Apr May Jun Jul Aug Sep Oct Nov Dec
2015: Jan Feb Mar Apr May Jun Jul Aug Sep Oct Nov Dec
2014: Jan Feb Mar Apr May Jun Jul Aug Sep Oct Nov Dec
2013: Jan Feb Mar Apr May Jun Jul Aug Sep Oct Nov Dec

Report for 2017 September
                   Monthly Climatological Summary for Sep 2017

Name: bhmsweather   City: Broomfield   State: Colorado
Elevation: 5420 ft  Lat: N 39° 59' 02"   Lon: W 105° 59' 04"

                  Temperature (°F), Rain (in), Wind Speed (mph)

                                      Heat  Cool        Avg
    Mean                              Deg   Deg         Wind                 Dom
Day Temp  High   Time   Low    Time   Days  Days  Rain  Speed High   Time    Dir
----------------------------------------------------------------------------------
 1  71.5  86.3   14:16  59.3   04:36   1.1   7.6  0.00   0.8  17.0   14:58   NNE
 2  70.8  87.0   14:12  54.8   06:10   2.3   8.1  0.00   0.4   8.0   09:57   NNE
 3  75.7  95.8   13:57  55.7   06:24   2.0  12.7  0.00   0.6  10.0   15:19   NNE
 4  71.9  91.6   13:19  56.2   06:53   1.1   8.0  0.00   1.1  17.0   14:50   NNE
 5  61.3  69.2   15:17  53.5   23:46   4.3   0.7  0.00   0.6   6.0   00:13   NNE
 6  63.4  78.4   15:14  48.3   05:50   5.4   3.8  0.00   0.3   5.0   18:10    NE
 7  66.0  82.3   16:38  50.8   06:50   4.0   5.0  0.00   0.2   5.0   11:39   NNE
 8  66.8  79.3   13:26  52.2   06:43   3.0   4.9  0.00   0.3  10.0   15:56   NNE
 9  70.0  88.1   12:57  53.9   06:22   2.8   7.8  0.00   0.2   6.0   15:38     E
10  71.1  88.3   13:33  55.6   06:46   1.9   8.1  0.00   0.4  13.0   16:54   NNE
11  72.0  85.7   14:19  58.8   06:32   0.7   7.7  0.00   0.5  10.0   12:55   NNE
12  71.2  88.9   14:08  55.0   06:52   2.4   8.3  0.00   0.2   5.0   12:48   ENE
13  72.0  85.5   12:49  59.4   05:38   0.8   7.8  0.02   0.4   9.0   12:48   NNE
14  71.3  87.2   14:27  56.6   06:30   1.2   7.5  0.00   0.4  12.0   17:02   NNW
15  67.7  81.3   14:13  53.2   07:30   2.6   5.3  0.00   0.8  15.0   21:28   NNE
16  56.0  66.1   17:14  50.5   05:34   9.0   0.0  0.00   0.5   8.0   18:44   NNE
17  57.7  69.5   13:58  46.7   06:03   7.8   0.5  0.00   0.3   6.0   10:09   NNE
18  65.1  79.1   16:34  49.4   04:37   4.7   4.8  0.00   0.5   8.0   15:58   SSE
19  65.0  84.9   14:14  51.0   23:56   4.8   4.9  0.00   0.9  18.0   17:58     E
20  57.3  72.5   16:48  45.0   05:00   9.2   1.5  0.00   0.5   9.0   11:25     N
21  66.2  87.2   14:06  44.0   07:04   6.3   7.5  0.00   0.6  11.0   17:14   NNE
22  61.9  72.4   13:58  49.2   07:01   4.7   1.6  0.00   1.4  17.0   16:49     N
23  48.8  54.4   00:00  44.9   23:14  16.2   0.0  0.48   0.6   9.0   16:36   NNE
24  46.6  49.5   11:59  42.9   04:52  18.4   0.0  0.11   0.3   8.0   20:51   NNE
25  47.4  52.9   13:54  42.5   07:27  17.7   0.0  0.00   0.5   7.0   06:03     N
26  51.0  59.5   14:23  45.1   05:57  14.0   0.0  0.05   0.4   8.0   16:22   NNE
27  50.6  52.7   15:37  48.7   11:23  14.4   0.0  0.07   0.2   5.0   13:05     N
28  52.3  58.9   15:12  48.8   04:18  12.7   0.0  0.31   0.6  11.0   21:28     N
29  51.5  61.1   14:13  43.3   05:18  13.5   0.0  0.10   0.6  10.0   16:27     N
30  55.4  70.8   14:30  42.8   06:59  10.3   0.8  0.04   0.5  12.0   21:51    NW
----------------------------------------------------------------------------------
    62.5  95.8     3    42.5    25   199.3 124.9  1.18   0.5  18.0    19     NNE

Max >=  80.0: 14
Max <=  32.0:  0
Min <=  32.0:  0
Min <=   0.0:  0
Max Rain: 0.48 on day 23
Days of Rain: 8 (>= 0.01 in)  4 (>= 0.10 in)  0 (>= 1.00 in)
Heat Base: 65.0  Cool Base: 65.0  Method: Integration