NOAA-Style Climate Reports

Select a Year or Month report
2018: Jan Feb Mar Apr May Jun Jul Aug Sep Oct Nov Dec
2017: Jan Feb Mar Apr May Jun Jul Aug Sep Oct Nov Dec
2016: Jan Feb Mar Apr May Jun Jul Aug Sep Oct Nov Dec
2015: Jan Feb Mar Apr May Jun Jul Aug Sep Oct Nov Dec
2014: Jan Feb Mar Apr May Jun Jul Aug Sep Oct Nov Dec
2013: Jan Feb Mar Apr May Jun Jul Aug Sep Oct Nov Dec

Report for 2017 October
                   Monthly Climatological Summary for Oct 2017

Name: bhmsweather   City: Broomfield   State: Colorado
Elevation: 5420 ft  Lat: N 39° 59' 02"   Lon: W 105° 59' 04"

                  Temperature (°F), Rain (in), Wind Speed (mph)

                                      Heat  Cool        Avg
    Mean                              Deg   Deg         Wind                 Dom
Day Temp  High   Time   Low    Time   Days  Days  Rain  Speed High   Time    Dir
----------------------------------------------------------------------------------
 1  56.9  69.3   13:01  46.6   23:52   8.4   0.3  0.18   1.0  16.0   15:30   NNE
 2  41.3  46.7   00:00  37.5   17:28  23.7   0.0  0.61   0.4  10.0   15:57     N
 3  44.6  55.2   15:07  33.9   05:04  20.4   0.0  0.00   0.5  10.0   16:08   NNE
 4  52.3  64.8   16:15  40.8   05:33  12.7   0.0  0.00   0.4   8.0   15:12     N
 5  56.5  66.0   14:29  48.5   01:30   8.5   0.0  0.00   0.5   6.0   13:01   NNE
 6  55.4  68.3   14:15  47.4   22:59   9.7   0.1  0.00   1.5  18.0   14:42   NNW
 7  62.5  75.3   15:38  46.8   06:21   5.3   2.8  0.00   1.0  14.0   01:54   WNW
 8  53.1  66.3   00:00  34.2   23:56  11.9   0.0  0.18   1.7  17.0   20:43   NNE
 9  33.3  36.5   14:04  29.3   23:46  31.7   0.0  0.30   0.4  11.0   12:29     N
10  38.7  54.6   16:13  24.4   06:56  26.3   0.0  0.26   0.1   4.0   15:05     S
11  47.1  66.8   15:30  30.6   07:00  17.1   0.2  0.05   0.7   5.0   16:30     N
12  55.3  76.2   14:00  37.8   06:30  12.0   2.4  0.00   2.8   9.0   15:30    NE
13  48.8  61.4   15:30  36.0   07:30  16.2   0.0  0.00   2.2   6.0   16:00   NNE
14  45.3  61.1   13:00  37.6   22:00  18.5   0.0  0.00   3.3  25.0   14:32    NW
15  43.4  59.8   17:25  29.2   06:46  21.6   0.0  0.00   0.5   8.0   14:02   NNE
16  55.4  76.1   13:16  35.5   02:23  11.7   2.1  0.00   0.5  12.0   10:31   WNW
17  54.4  75.1   14:00  34.6   07:23  12.7   2.1  0.00   0.2   6.0   11:24   SSE
18  60.0  75.8   14:23  44.4   23:57   7.2   2.2  0.00   0.4  11.0   05:07    NE
19  53.2  72.6   13:27  37.0   07:25  13.1   1.3  0.00   0.3   8.0   14:40   NNE
20  59.0  76.7   14:44  42.4   05:15   8.8   2.8  0.00   0.5  10.0   23:19   ESE
21  47.3  57.2   00:00  33.9   23:02  17.7   0.0  0.00   2.2  25.0   02:25     W
22  55.7  67.2   17:20  37.1   07:48   9.4   0.1  0.00   1.3  21.0   23:29     W
23  48.7  63.0   00:00  38.0   21:54  16.3   0.0  0.00   1.2  17.0   02:24    SE
24  45.9  60.2   15:36  34.3   01:23  19.1   0.0  0.00   0.6   8.0   10:53   SSE
25  58.5  81.5   14:19  35.3   07:10  10.4   4.0  0.00   1.5  19.0   20:51     W
26  44.3  64.8   00:50  30.7   20:13  20.7   0.0  0.04   1.7  14.0   08:57   NNE
27  33.0  42.8   16:20  21.7   07:43  31.8   0.0  0.00   0.3   6.0   14:22     E
28  46.4  56.5   16:38  38.5   02:00  17.7   0.0  0.00   0.2   7.0   22:09   SSE
29  55.3  72.4   13:49  39.7   05:38  11.1   1.4  0.00   1.7  14.0   17:11   NNW
30  32.0  40.9   00:00  29.0   07:51  33.0   0.0  0.02   0.9  10.0   00:00    NE
31  39.9  58.3   23:54  27.4   07:39  25.0   0.0  0.00   1.5  22.0   21:59    SW
----------------------------------------------------------------------------------
    49.1  81.5    25    21.7    27   509.7  21.8  1.64   0.9  25.0    14       N

Max >=  80.0:  1
Max <=  32.0:  0
Min <=  32.0:  8
Min <=   0.0:  0
Max Rain: 0.61 on day 2
Days of Rain: 8 (>= 0.01 in)  5 (>= 0.10 in)  0 (>= 1.00 in)
Heat Base: 65.0  Cool Base: 65.0  Method: Integration