NOAA-Style Climate Reports

Select a Year or Month report
2018: Jan Feb Mar Apr May Jun Jul Aug Sep Oct Nov Dec
2017: Jan Feb Mar Apr May Jun Jul Aug Sep Oct Nov Dec
2016: Jan Feb Mar Apr May Jun Jul Aug Sep Oct Nov Dec
2015: Jan Feb Mar Apr May Jun Jul Aug Sep Oct Nov Dec
2014: Jan Feb Mar Apr May Jun Jul Aug Sep Oct Nov Dec
2013: Jan Feb Mar Apr May Jun Jul Aug Sep Oct Nov Dec

Report for 2017 November
                   Monthly Climatological Summary for Nov 2017

Name: bhmsweather   City: Broomfield   State: Colorado
Elevation: 5420 ft  Lat: N 39° 59' 02"   Lon: W 105° 59' 04"

                  Temperature (°F), Rain (in), Wind Speed (mph)

                                      Heat  Cool        Avg
    Mean                              Deg   Deg         Wind                 Dom
Day Temp  High   Time   Low    Time   Days  Days  Rain  Speed High   Time    Dir
----------------------------------------------------------------------------------
 1  62.0  69.5   16:03  56.2   04:28   3.4   0.4  0.00   3.3  26.0   05:24     W
 2  40.0  62.6   00:00  32.6   22:57  25.0   0.0  0.00   0.8  10.0   00:00    NE
 3  42.1  56.4   14:37  35.1   00:08  22.9   0.0  0.00   0.5   8.0   15:26   NNE
 4  53.2  69.4   14:00  35.3   03:41  11.7   0.5  0.00   1.8  23.0   14:19    SW
 5  40.3  52.6   13:20  33.8   23:58  25.7   0.0  0.00   0.9   9.0   06:46     N
 6  35.6  40.9   15:04  32.6   01:20  29.4   0.0  0.02   0.6   6.0   22:11   NNE
 7  28.8  35.2   00:00  25.3   05:42  36.2   0.0  0.09   0.8  12.0   01:21   NNE
 8  36.8  51.9   12:48  28.1   07:49  28.2   0.0  0.00   0.7   7.0   13:12   NNE
 9  33.0  41.4   13:43  27.6   23:41  32.0   0.0  0.00   0.7  10.0   10:03     N
10  38.0  55.7   14:04  26.0   04:21  26.9   0.0  0.00   0.5   6.0   08:54     N
11  42.6  58.9   13:02  28.5   06:43  22.4   0.0  0.00   1.0  12.0   14:52   NNE
12  38.9  54.1   13:37  26.5   06:59  26.0   0.0  0.00   0.3   6.0   15:46   NNW
13  52.0  71.1   12:57  36.0   02:39  14.0   1.0  0.00   0.7   9.0   12:24   SSE
14  50.5  68.1   12:39  34.7   06:21  14.3   0.3  0.00   0.8  14.0   17:37   NNW
15  39.5  53.0   14:54  28.5   05:57  25.5   0.0  0.00   0.7  10.0   00:42    SE
16  52.1  75.8   12:58  31.1   05:09  13.7   0.9  0.00   1.1  15.0   11:38     W
17  56.7  58.9   03:55  54.2   02:04   8.3   0.0  0.00   2.2  11.0   00:13    SW
18  52.9  56.7   00:00  27.0   23:59  12.1   0.0  0.04   2.0  13.0   01:42    SW
19  42.4  60.8   12:52  23.3   04:36  22.6   0.0  0.00   1.4  16.0   13:04     W
20  57.7  66.8   12:43  42.3   00:45   7.3   0.1  0.00   4.1  24.0   04:40     W
21  42.9  56.5   00:08  32.3   22:59  22.1   0.0  0.00   1.1  16.0   07:22   NNE
22  50.3  71.1   12:43  33.1   00:00  15.1   0.4  0.00   1.2  16.0   13:58   WNW
23  60.3  71.0   12:09  46.5   05:26   5.1   0.5  0.00   1.5  19.0   21:53     W
24  59.7  71.9   10:35  39.7   23:56   6.1   0.8  0.00   3.0  24.0   09:30     W
25  46.2  63.3   12:49  35.3   07:29  18.8   0.0  0.00   0.8   9.0   00:07   NNE
26  53.4  73.2   14:05  37.6   04:41  12.9   1.3  0.00   0.8  15.0   09:32     W
27  56.4  74.4   13:17  37.4   07:16  10.1   1.5  0.00   1.1  23.0   23:28   NNW
28  38.4  46.4   13:01  29.5   23:23  26.6   0.0  0.00   0.6   8.0   00:01    SE
29  43.3  67.1   13:39  26.4   04:23  21.8   0.1  0.00   1.6  22.0   13:09   NNW
30  38.4  54.3   14:39  26.2   07:06  26.6   0.0  0.00   0.7   7.0   08:33     N
----------------------------------------------------------------------------------
    46.1  75.8    16    23.3    19   572.8   7.8  0.15   1.2  26.0     1     WNW

Max >=  80.0:  0
Max <=  32.0:  0
Min <=  32.0: 13
Min <=   0.0:  0
Max Rain: 0.09 on day 7
Days of Rain: 3 (>= 0.01 in)  0 (>= 0.10 in)  0 (>= 1.00 in)
Heat Base: 65.0  Cool Base: 65.0  Method: Integration