NOAA-Style Climate Reports

Select a Year or Month report
2018: Jan Feb Mar Apr May Jun Jul Aug Sep Oct Nov Dec
2017: Jan Feb Mar Apr May Jun Jul Aug Sep Oct Nov Dec
2016: Jan Feb Mar Apr May Jun Jul Aug Sep Oct Nov Dec
2015: Jan Feb Mar Apr May Jun Jul Aug Sep Oct Nov Dec
2014: Jan Feb Mar Apr May Jun Jul Aug Sep Oct Nov Dec
2013: Jan Feb Mar Apr May Jun Jul Aug Sep Oct Nov Dec

Report for 2017 December
                   Monthly Climatological Summary for Dec 2017

Name: bhmsweather   City: Broomfield   State: Colorado
Elevation: 5420 ft  Lat: N 39° 59' 02"   Lon: W 105° 59' 04"

                  Temperature (°F), Rain (in), Wind Speed (mph)

                                      Heat  Cool        Avg
    Mean                              Deg   Deg         Wind                 Dom
Day Temp  High   Time   Low    Time   Days  Days  Rain  Speed High   Time    Dir
----------------------------------------------------------------------------------
 1  47.7  64.9   10:55  35.0   23:14  17.3   0.0  0.00   1.5  22.0   11:39   NNW
 2  43.3  62.7   13:21  31.4   04:06  21.7   0.0  0.00   0.6   8.0   10:57   NNE
 3  47.3  60.8   12:11  31.8   02:09  17.6   0.0  0.00   0.8  13.0   18:29    SW
 4  34.4  47.4   00:00  23.3   20:42  30.6   0.0  0.00   3.1  24.0   04:15    NW
 5  31.3  51.8   13:22  15.1   05:39  31.3   0.0  0.00   1.1  12.0   00:54   SSE
 6  28.9  40.4   13:43  21.0   07:29  36.1   0.0  0.00   1.3  13.0   13:56   NNE
 7  27.6  36.6   23:55  13.6   06:05  37.4   0.0  0.00   0.4   7.0   10:00   SSW
 8  44.4  58.9   13:04  30.6   23:34  20.6   0.0  0.00   1.2  13.0   11:15     N
 9  45.2  62.3   13:15  27.1   01:29  19.8   0.0  0.00   1.2  13.0   12:01     W
10  42.2  58.9   12:52  22.7   07:14  22.8   0.0  0.00   0.4  11.0   22:43     W
11  42.2  57.6   13:47  28.8   03:33  22.8   0.0  0.00   0.7   8.0   00:56    NE
12  33.0  53.1   22:46  25.6   07:16  31.9   0.0  0.00   0.2  15.0   20:46     W
13  46.5  55.2   01:24  33.1   23:59  18.5   0.0  0.00   1.6  14.0   01:01   ESE
14  32.1  42.2   13:06  24.7   23:53  32.9   0.0  0.01   0.9   9.0   00:57   ENE
15  46.3  61.5   13:22  22.1   02:09  18.7   0.0  0.00   1.8  15.0   11:10     W
16  40.5  50.2   12:24  30.9   23:54  24.5   0.0  0.00   0.9   8.0   07:25   NNE
17  31.7  39.3   14:54  22.7   23:36  33.3   0.0  0.00   0.5   8.0   11:48    SE
18  34.3  54.3   12:50  19.9   04:54  28.9   0.0  0.00   0.3   8.0   12:52     N
19  36.5  50.6   13:02  26.1   05:54  28.5   0.0  0.00   0.6   8.0   12:02     N
20  47.4  64.3   13:27  31.2   07:50  17.6   0.0  0.00   1.2  15.0   04:35   SSW
21  21.4  37.9   00:07  11.8   23:41  43.6   0.0  0.07   1.9  13.0   01:40   NNE
22  23.0  43.2   13:31  10.1   03:35  42.0   0.0  0.00   0.6   9.0   15:01   NNE
23  21.6  43.0   12:52  10.1   23:18  43.4   0.0  0.12   1.6  17.0   18:18   NNE
24  14.2  26.3   14:05   5.8   06:32  50.8   0.0  0.00   0.9  10.0   15:12     E
25  15.9  22.5   12:58   9.5   23:09  49.1   0.0  0.00   0.9   8.0   09:48     N
26  10.1  12.8   13:54   6.7   23:24  54.9   0.0  0.00   0.7   7.0   14:42    NE
27  32.6  54.6   13:13   4.9   03:04  29.8   0.0  0.00   2.5  24.0   14:26    NW
28  39.3  52.4   09:08  27.3   20:50  25.7   0.0  0.00   1.9  18.0   01:21   NNW
29  47.1  64.9   12:14  14.3   23:50  17.0   0.0  0.00   3.5  28.0   06:28   NNW
30  19.1  33.6   15:56  11.7   07:43  45.9   0.0  0.00   1.4  13.0   18:20    NE
31  17.4  24.9   00:00  13.2   23:56  47.6   0.0  0.00   0.8   9.0   08:19   NNE
----------------------------------------------------------------------------------
    33.7  64.9     1     4.9    27   962.6   0.0  0.20   1.2  28.0    29       N

Max >=  80.0:  0
Max <=  32.0:  4
Min <=  32.0: 29
Min <=   0.0:  0
Max Rain: 0.12 on day 23
Days of Rain: 3 (>= 0.01 in)  1 (>= 0.10 in)  0 (>= 1.00 in)
Heat Base: 65.0  Cool Base: 65.0  Method: Integration