NOAA-Style Climate Reports

Select a Year or Month report
2018: Jan Feb Mar Apr May Jun Jul Aug Sep Oct Nov Dec
2017: Jan Feb Mar Apr May Jun Jul Aug Sep Oct Nov Dec
2016: Jan Feb Mar Apr May Jun Jul Aug Sep Oct Nov Dec
2015: Jan Feb Mar Apr May Jun Jul Aug Sep Oct Nov Dec
2014: Jan Feb Mar Apr May Jun Jul Aug Sep Oct Nov Dec
2013: Jan Feb Mar Apr May Jun Jul Aug Sep Oct Nov Dec

Report for 2018 January
                   Monthly Climatological Summary for Jan 2018

Name: bhmsweather   City: Broomfield   State: Colorado
Elevation: 5420 ft  Lat: N 39° 59' 02"   Lon: W 105° 59' 04"

                  Temperature (°F), Rain (in), Wind Speed (mph)

                                      Heat  Cool        Avg
    Mean                              Deg   Deg         Wind                 Dom
Day Temp  High   Time   Low    Time   Days  Days  Rain  Speed High   Time    Dir
----------------------------------------------------------------------------------
 1  17.6  29.7   15:45  12.6   00:18  47.4   0.0  0.00   0.6  10.0   16:34   NNE
 2  25.1  43.4   15:25  11.0   04:58  39.9   0.0  0.00   0.5   9.0   10:15   SSE
 3  31.1  52.3   12:48  15.8   06:43  33.8   0.0  0.00   0.9  11.0   10:50     E
 4  35.2  51.3   13:27  22.7   07:24  29.8   0.0  0.00   0.4   7.0   10:11   SSE
 5  36.2  57.1   15:12  23.6   02:44  28.7   0.0  0.00   0.2   9.0   15:04   NNE
 6  40.7  60.8   15:09  27.5   02:38  24.3   0.0  0.00   0.7  11.0   15:12   NNW
 7  39.1  51.3   14:34  29.0   23:33  25.9   0.0  0.00   0.8  10.0   16:15   SSE
 8  34.9  51.2   15:49  24.0   06:52  30.1   0.0  0.00   0.1   4.0   21:43   NNW
 9  55.3  67.7   13:29  39.7   00:11   9.8   0.2  0.00   2.5  21.0   04:34   WNW
10  44.9  55.9   09:38  25.9   23:59  20.1   0.0  0.00   1.3  15.0   15:47    NW
11  32.9  43.5   12:55  22.2   05:42  30.4   0.0  0.00   1.3  16.0   13:18     W
12  39.3  46.7   10:33  29.9   23:59  25.7   0.0  0.00   1.3  15.0   01:39   NNW
13  35.2  53.0   13:14  22.9   07:40  29.8   0.0  0.00   1.0  16.0   12:27    NW
14  35.4  54.1   13:20  25.4   04:10  29.6   0.0  0.00   0.8  10.0   22:55   NNE
15  19.8  31.4   03:23   4.6   23:58  45.1   0.0  0.01   1.0  12.0   04:18     E
16  17.7  36.1   15:21   2.2   06:51  47.3   0.0  0.00   0.3   9.0   12:15   SSE
17  29.8  51.0   15:28  12.4   06:01  35.2   0.0  0.00   0.3   6.0   13:35    SE
18  38.7  63.9   15:15  21.4   04:18  26.3   0.0  0.00   0.3   6.0   11:31    SE
19  47.4  68.2   15:00  33.8   00:00  17.7   0.2  0.00   0.3   6.0   15:06     E
20  36.8  48.8   09:50  29.8   23:58  28.2   0.0  0.01   1.5  11.0   09:51   NNE
21  25.9  29.8   00:00  22.7   23:57  39.1   0.0  0.34   2.3  19.0   11:45   NNE
22  31.2  43.0   13:22  12.7   05:58  33.8   0.0  0.00   1.9  16.0   09:51     W
23  31.2  43.2   13:04  19.8   07:21  33.8   0.0  0.00   0.7  13.0   10:22     W
24  33.9  51.4   13:07  15.1   04:59  31.1   0.0  0.00   0.7  17.0   11:45   WSW
25  37.1  56.8   15:17  24.9   05:48  27.9   0.0  0.00   0.5  12.0   15:36   WNW
26  34.8  40.5   10:42  25.0   23:59  30.2   0.0  0.00   2.3  17.0   12:27   WNW
27  34.4  43.7   12:33  21.7   07:14  30.6   0.0  0.00   1.0  21.0   02:32   WSW
28  36.7  52.0   13:23  23.5   04:16  28.3   0.0  0.00   1.3  18.0   13:07   WNW
29  41.2  59.5   14:02  23.8   05:45  22.8   0.0  0.00   1.0  16.0   15:59   WSW
30  53.6  64.4   14:59  36.9   04:54  11.2   0.0  0.00   2.7  23.0   07:53   WSW
31  35.4  55.5   00:30  26.7   07:30  28.4   0.0  0.00   1.6  17.0   01:00     N
----------------------------------------------------------------------------------
    35.1  68.2    19     2.2    16   922.3   0.4  0.36   1.0  23.0    30     WNW

Max >=  80.0:  0
Max <=  32.0:  3
Min <=  32.0: 28
Min <=   0.0:  0
Max Rain: 0.34 on day 21
Days of Rain: 3 (>= 0.01 in)  1 (>= 0.10 in)  0 (>= 1.00 in)
Heat Base: 65.0  Cool Base: 65.0  Method: Integration